l be 16 + 4/c*-4. Suppose 4*h + 1 = l. Calculate the highest common factor of 4 and h.
4
Suppose -4*h = 2*u + 34, 0 = -2*h + u - 9 - 6. Let x = 91 - h. What is the highest common divisor of x and 9?
9
Let j be (-42)/4*(6 - (10 + 2)). What is the greatest common divisor of j and 420?
21
Let q = 636 - 237. Calculate the greatest common divisor of 42 and q.
21
Suppose 55*v - 64*v = -585. Calculate the greatest common divisor of 1235 and v.
65
Let y be 366/42 - (-2)/7. Let f(r) = r**2 - 9*r - 20. Let k be f(11). Let w be k/y + (-889)/(-9). Calculate the greatest common divisor of 11 and w.
11
Let k(c) = c**3 - 15*c**2 + 14*c + 6. Let x be k(14). Suppose 4*q + 168 = 60. Let m = -12 - q. Calculate the highest common divisor of x and m.
3
Let d be 10 + (2/1 - 2). Let s(f) = f**2 - 10*f + 4. Let a(n) = -2*n - 4. Let v be a(-7). Let z be s(v). What is the greatest common divisor of d and z?
2
Let y = 2108 - 550. Calculate the highest common factor of y and 38.
38
Let d be (-24)/168 + 1205/7. Calculate the greatest common divisor of 43 and d.
43
Let k = -330 - -382. What is the greatest common divisor of k and 20?
4
Suppose 4*o - 3 - 25 = 0. Suppose -6*z = -o*z + 40. Let y be 7 + -1 - (1 - 0). Calculate the highest common factor of y and z.
5
Let r be (-2983)/(-76) - (-1)/(-4). What is the greatest common factor of 1131 and r?
39
Let d be 36*1/((-6)/(-8)). Suppose -17*i + 25*i = 40. Suppose i*l = 4*l - 5*f + 2, -4*f = 4*l - 40. What is the greatest common factor of d and l?
12
Let h(x) = x**3 + 4*x**2 + 7*x + 24. Let i be h(7). What is the highest common factor of 51 and i?
51
Let o be (-1 - (-14)/(-4))/((-4)/16). Let g be -153*(-3)/o*2. Calculate the greatest common divisor of g and 357.
51
Let p(w) = w**3 + 6*w**2 + 10. Let d be p(-5). Suppose d = 11*a + 2. What is the greatest common factor of a and 51?
3
Let i = 254 + -137. What is the highest common factor of 9 and i?
9
Suppose 14*i - 37*i + 1449 = 0. Calculate the highest common divisor of 14 and i.
7
Let z(o) = o**3 + 4*o**2 + o + 3. Let i be z(-4). Let s(q) = -3*q + 1. Let d be s(i). What is the highest common factor of d and 44?
4
Let f(q) = -10*q**3 - 3*q**2 + 49*q + 238. Let k be f(-5). Calculate the greatest common divisor of k and 73.
73
Suppose 3*v - 6 - 63 = -4*n, 3*n - 72 = -3*v. Let u(x) = 8*x**2 - x + 3. Let m be u(-6). Calculate the greatest common factor of m and v.
27
Suppose -13*a + 5*n = -14*a + 27, 0 = 4*a - 2*n - 42. Calculate the highest common factor of a and 132.
12
Suppose -86 = -8*b - 22. Calculate the greatest common factor of b and 216.
8
Suppose 5*g - 450 = 50. Suppose 95 = -v + g. Calculate the highest common factor of 20 and v.
5
Suppose -u = 4*i - 4*u - 23, -4*u - 18 = i. Let y be 23 - (3/i)/(6/4). What is the greatest common divisor of y and 22?
22
Suppose 0 = b + 3*m - 30, -4*b + 17 + 28 = -3*m. What is the highest common divisor of 30 and b?
15
Suppose 5*r + 90 = 2*x, 3*x - 2*r = -57 + 203. Let y = 62 - x. Calculate the greatest common factor of y and 48.
12
Suppose o + 0*a - 72 = -4*a, 5*o + a - 303 = 0. What is the greatest common factor of o and 160?
20
Suppose 0 = 38*f - 50*f + 168. What is the highest common divisor of 10 and f?
2
Let i be -3 + (-4)/(-6)*21. Let a = 17 - i. Let m be 1/a - (-411)/18. Calculate the highest common factor of 184 and m.
23
Suppose -12*n - 527 = -43*n. What is the greatest common divisor of 153 and n?
17
Let m = 527 - 515. What is the highest common factor of m and 588?
12
Suppose -i + 8 = -c, 4*c + 29 = -4*i + 101. Let m = 3843 - 3791. Calculate the greatest common factor of m and i.
13
Suppose 0 = 603*c - 609*c + 264. Let s = 60 - 27. What is the highest common factor of s and c?
11
Let j(f) = f**2 + 4*f - 3. Let m = -4 - -8. Let c be (-200)/35 + m/(-14). Let l be j(c). What is the greatest common divisor of l and 72?
9
Let j(t) = t**2 - 111*t - 1296. Let u be j(-11). Let a be (-6)/(-4)*-2*-23. What is the greatest common factor of u and a?
23
Let f(u) = u**3 + 11*u**2 + 17*u + 2. Let g be f(-9). Suppose -55 = -r - g. Calculate the greatest common factor of r and 4.
4
Let c be (106 - -6)/(2 + -3 + 3). Calculate the highest common factor of c and 64.
8
Let x(i) = 8*i - 5. Let y be x(2). Let p(n) = 2*n**2 + 6*n + 8. Let m be p(-8). Calculate the highest common divisor of m and y.
11
Suppose 10*l - 3*l - 21 = 0. Suppose l*x - 3*c - 14 - 19 = 0, x - 15 = -3*c. What is the greatest common divisor of 84 and x?
12
Let p = 1 - 0. Suppose 354*q - 42 = 348*q. What is the highest common factor of p and q?
1
Let s = -172 - -212. What is the greatest common factor of s and 100?
20
Suppose 9 = -4*s + 25. Suppose 0 = s*j + 5*r - 108, j - 52 = -j - 2*r. Suppose d - j - 9 = 0. What is the highest common divisor of d and 248?
31
Let p(t) be the second derivative of -t**3/2 + 7*t**2/2 + 17*t. Let j be p(-7). Calculate the highest common factor of 7 and j.
7
Let v(h) = -h + 1. Let y be v(1). Suppose 0 = 5*n - u - 87, -n + u + 15 = -y*n. What is the highest common divisor of 54 and n?
18
Let y = -1682 - -1775. What is the highest common divisor of 434 and y?
31
Let q = -652 + 946. What is the greatest common divisor of q and 42?
42
Suppose -n + 2*n + 2*b = 7, 3*n - 4*b - 1 = 0. Calculate the highest common divisor of n and 339.
3
Let r be (-2 + 3/(-2))/(1/(-10)). Suppose -2*n = -4*s + r + 7, 5*s = -5*n + 60. What is the highest common divisor of 77 and s?
11
Let b be -97 + -4 + 2*1. Let f = b + 169. Let j = -981 + 1009. What is the highest common factor of f and j?
14
Suppose 42 = -52*k + 305 + 153. Suppose 3*i + 1320 = -4*g + 5*i, 0 = g + 2*i + 340. Let z be g/(-6) + (-4)/(-6). What is the highest common divisor of k and z?
8
Suppose 2*s - 2*r = 24, -r = 2*s - 0*s - 21. Suppose -i + 14 - s = 0. What is the highest common factor of 21 and i?
3
Suppose -104 = -5*y - 4. Let w(x) = 2*x**2 - 35*x - 32. Let j be w(-4). Calculate the highest common divisor of j and y.
20
Suppose 11*n + 10180 = 10367. Let d(m) = -m**3 + 2*m**2 + m - 1. Let v be d(2). Let y = v + 16. What is the highest common factor of n and y?
17
Let t be (-6)/(4 + (-19)/4). What is the greatest common divisor of t and 8?
8
Suppose 0 = 4*d - 4 - 0. Let z(j) = 5*j**3 - j**2 - j + 1. Let y be z(d). Suppose -10 = -y*h + 26. What is the greatest common factor of h and 72?
9
Suppose -r = -3*r - 18. Let v be (14 + -3 + 1)*(-6)/r. Calculate the highest common divisor of v and 32.
8
Suppose 0 = -0*i + 4*i - 16, 4*w - 16 = -3*i. Suppose 0 = -3*z - w + 13, 198 = 5*s - 3*z. Calculate the highest common factor of 14 and s.
14
Let g = 1045 + -960. What is the greatest common factor of g and 306?
17
Let a be (-2)/((20/32)/5). Let f be a/(-6) + (-4)/(-12). Suppose -u = -3*q + f*u + 88, 3*u = -5*q + 108. What is the highest common divisor of q and 192?
24
Suppose -4*i + 2*z = -996, 8*z = -5*i + 4*z + 1232. Calculate the greatest common factor of i and 186.
62
Let p(v) = v**3 + 13*v**2 - 14*v + 15. Let o be p(-14). Let u(k) = -k**2 + 5*k - 1. Let m be u(4). What is the highest common factor of o and m?
3
Let a(r) = 2*r**2 + 9*r + 3. Let g be a(-7). Let o be 2/6 + (-22)/(-6). Suppose 0 = o*v + 90 - 850. What is the highest common factor of g and v?
38
Suppose 4*r = z - 161, -204 = -4*z - r + 355. Calculate the greatest common factor of z and 9.
3
Let f = 24 - 6. Suppose -2 = -2*w + f. Suppose 12*u - 560 = 5*u. What is the greatest common factor of u and w?
10
Suppose 26*l = 156 + 234. Calculate the highest common factor of 15 and l.
15
Let i(j) = 4*j**2 + 21*j + 48. Let m be i(-8). Calculate the greatest common factor of m and 16.
8
Let j be (0 + -1)*-1 - 399/(-21). Calculate the highest common divisor of j and 10.
10
Let s(d) = -3*d - 2. Let c be s(-2). Let b be 3/2 + 90/c. What is the highest common factor of b and 24?
24
Suppose -176*l = -187*l + 4323. What is the greatest common factor of 131 and l?
131
Let j(a) be the first derivative of 2*a**3/3 - a**2 + 6*a + 11. Let x be j(-6). Let w be (11 - 1) + 0/1. Calculate the greatest common divisor of w and x.
10
Let f(d) = 3*d**2 + 4*d - d + 2 - 3*d**2 - d**2. Let y be f(2). Suppose -y*z + 0*z = -112. What is the highest common factor of z and 84?
28
Let c(k) = 1 + 22*k**2 - 47*k**2 + 23*k**2 + 4 + 14*k. Let i be c(7). Calculate the greatest common divi